{"id":3576,"date":"2020-06-26T12:50:52","date_gmt":"2020-06-26T11:50:52","guid":{"rendered":"https:\/\/www.halleauxgrains.com\/site\/?page_id=3576"},"modified":"2025-06-05T14:50:16","modified_gmt":"2025-06-05T13:50:16","slug":"la-charte-developpement-durable","status":"publish","type":"page","link":"https:\/\/www.halleauxgrains.com\/site\/la-charte-developpement-durable\/","title":{"rendered":"LA CHARTE D\u00c9VELOPPEMENT DURABLE ET RSO"},"content":{"rendered":"\n<p><strong>Apr\u00e8s la mise en place d\u2019une charte de d\u00e9veloppement durable en 2019, l\u2019\u00e9quipe de la sc\u00e8ne nationale poursuit sa r\u00e9flexion sur les enjeux de sa responsabilit\u00e9 soci\u00e9tale et environnementale. Cela s\u2019est traduit en 2022 par la mise en place volontaire d\u2019une d\u00e9marche RSO (responsabilit\u00e9 soci\u00e9tale des organisations) qui a associ\u00e9 nos partenaires dans la perspective d\u2019un plan d\u2019action.<\/strong><\/p>\n\n\n\n<div style=\"height:30px\" aria-hidden=\"true\" class=\"wp-block-spacer\"><\/div>\n\n\n\n<h3 class=\"wp-block-heading\">FAVORISER LES CIRCUITS COURTS ET LA CONSOMMATION RESPONSABLE<\/h3>\n\n\n\n<div style=\"height:34px\" aria-hidden=\"true\" class=\"wp-block-spacer\"><\/div>\n\n\n\n<p>Les soirs de repr\u00e9sentation, le bar du th\u00e9\u00e2tre vous accueille une heure avant le d\u00e9but du spectacle. Des jus de fruits bio, une bi\u00e8re locale et une s\u00e9lection de vins du coin vous sont propos\u00e9s (\u00e0 consommer avec mod\u00e9ration).<br>Vous pouvez \u00e9galement y d\u00e9guster un en-cas sal\u00e9 et\/ou sucr\u00e9 sous forme de restauration rapide. Du \u201cfait maison\u201d avec des produits de saison par des gens d\u2019ici !<\/p>\n\n\n\n<div style=\"height:30px\" aria-hidden=\"true\" class=\"wp-block-spacer\"><\/div>\n\n\n\n<h3 class=\"wp-block-heading\">FAVORISER LES MOBILIT\u00c9S DOUCES DES SPECTATEURS<\/h3>\n\n\n\n<div style=\"height:42px\" aria-hidden=\"true\" class=\"wp-block-spacer\"><\/div>\n\n\n<div class=\"wp-block-image\">\n<figure class=\"alignleft is-resized\"><img loading=\"lazy\" decoding=\"async\" width=\"200\" height=\"200\" src=\"https:\/\/www.halleauxgrains.com\/site\/wp-content\/uploads\/2020\/02\/logocovoituragesimple-fb.png\" alt=\"\" class=\"wp-image-3211\" style=\"width:137px;height:137px\" srcset=\"https:\/\/www.halleauxgrains.com\/site\/wp-content\/uploads\/2020\/02\/logocovoituragesimple-fb.png 200w, https:\/\/www.halleauxgrains.com\/site\/wp-content\/uploads\/2020\/02\/logocovoituragesimple-fb-150x150.png 150w\" sizes=\"(max-width: 200px) 100vw, 200px\" \/><\/figure><\/div>\n\n\n<p><strong>COVOITURAGE<\/strong><br>Vous \u00eates nombreux \u00e0 vous rendre aux spectacles de la sc\u00e8ne nationale en voiture. C\u2019est pourquoi la Halle aux grains propose un syst\u00e8me de covoiturage innovant ! Un service dont le principe est de vous mettre en lien les uns avec les autres, pour faciliter vos d\u00e9placements vers le th\u00e9\u00e2tre.<br>Via les pages des spectacles de notre site, vous retrouvez le lien de la plateforme pour consulter les annonces, que vous soyez conducteurs ou passagers.<br><strong>Plus d\u2019infos sur : <a href=\"http:\/\/www.halleauxgrains.com\/site\/covoiturage\" target=\"_blank\" rel=\"noopener\">www.halleauxgrains.com\/site\/covoiturage<\/a><\/strong><\/p>\n\n\n\n<div style=\"height:42px\" aria-hidden=\"true\" class=\"wp-block-spacer\"><\/div>\n\n\n<div class=\"wp-block-image\">\n<figure class=\"alignleft size-full is-resized\"><img loading=\"lazy\" decoding=\"async\" width=\"300\" height=\"300\" src=\"https:\/\/www.halleauxgrains.com\/site\/wp-content\/uploads\/2023\/05\/Velo.png\" alt=\"\" class=\"wp-image-6134\" style=\"width:140px;height:140px\" srcset=\"https:\/\/www.halleauxgrains.com\/site\/wp-content\/uploads\/2023\/05\/Velo.png 300w, https:\/\/www.halleauxgrains.com\/site\/wp-content\/uploads\/2023\/05\/Velo-150x150.png 150w\" sizes=\"(max-width: 300px) 100vw, 300px\" \/><\/figure><\/div>\n\n\n<p><strong>V\u00c9LO<\/strong><br>Des parkings \u00e0 v\u00e9lo sont disponibles \u00e0 la Halle aux grains et au Th\u00e9\u00e2tre Nicolas Peskine. Retrouvez toutes les infos sur les d\u00e9placements en v\u00e9lo sur :<br><strong><a href=\"http:\/\/www.blois.fr\/pratique\/deplacements\/velo\" target=\"_blank\" rel=\"noopener\">www.blois.fr\/pratique\/deplacements\/velo<\/a> et sur l\u2019appli Geovelo<\/strong><\/p>\n\n\n\n<div style=\"height:10px\" aria-hidden=\"true\" class=\"wp-block-spacer\"><\/div>\n\n\n<div class=\"wp-block-image\">\n<figure class=\"alignleft size-full is-resized\"><img loading=\"lazy\" decoding=\"async\" width=\"300\" height=\"300\" src=\"https:\/\/www.halleauxgrains.com\/site\/wp-content\/uploads\/2023\/05\/Bus.png\" alt=\"\" class=\"wp-image-6140\" style=\"width:140px;height:140px\" srcset=\"https:\/\/www.halleauxgrains.com\/site\/wp-content\/uploads\/2023\/05\/Bus.png 300w, https:\/\/www.halleauxgrains.com\/site\/wp-content\/uploads\/2023\/05\/Bus-150x150.png 150w\" sizes=\"(max-width: 300px) 100vw, 300px\" \/><\/figure><\/div>\n\n\n<p><strong>BUS<\/strong><br>Venez \u00e0 la HaG en bus avec le r\u00e9seau Azalys !<br>L\u2019arr\u00eat Jean Jaur\u00e8s est desservi par les lignes B, C, E, F, G, I + Navette<br>Pour repartir en soir\u00e9e : depuis l\u2019arr\u00eat Denis Papin, avec le service du soir, vous repartez vers n\u2019importe quel arr\u00eat des lignes A \u00e0 I. Pas besoin de r\u00e9server ! Il suffit d\u2019indiquer votre arr\u00eat de descente au conducteur \u00e0 la mont\u00e9e dans le bus.<br>Du lundi au jeudi : 20h35, 21h40, 22h40<br>Les vendredi et samedi : 20h35, 21h40, 22h40, 23h40, 00h40<br>Dimanches et jours f\u00e9ri\u00e9s (sauf 1er mai) : 19h10<br><strong>Plus d\u2019infos sur : <a href=\"https:\/\/bus.azalys.agglopolys.fr\/\" target=\"_blank\" rel=\"noreferrer noopener\">www.bus.azalys.agglopolys.fr<\/a><\/strong><\/p>\n\n\n\n<div style=\"height:30px\" aria-hidden=\"true\" class=\"wp-block-spacer\"><\/div>\n\n\n\n<h3 class=\"wp-block-heading\">IMPLIQUER LES PUBLICS<\/h3>\n\n\n\n<div style=\"height:35px\" aria-hidden=\"true\" class=\"wp-block-spacer\"><\/div>\n\n\n\n<p>Les projets impliquant les habitants inventent de nouveaux modes de relation entre les structures culturelles et les publics, appellent \u00e0 participation pour la cr\u00e9ation d\u2019un spectacle, la co-construction d\u2019un \u00e9v\u00e9nement tel que <a href=\"https:\/\/www.halleauxgrains.com\/site\/les-temps-forts\/generation-climat\/\" target=\"_blank\" rel=\"noopener\"><em>G\u00c9N\u00c9RATION CLIMAT<\/em><\/a>&#8230;<\/p>\n","protected":false},"excerpt":{"rendered":"<p>Apr\u00e8s la mise en place d\u2019une charte de d\u00e9veloppement durable en 2019, l\u2019\u00e9quipe de la sc\u00e8ne nationale poursuit sa r\u00e9flexion sur les enjeux de sa responsabilit\u00e9 soci\u00e9tale et environnementale. Cela s\u2019est traduit en 2022 par la mise en place volontaire d\u2019une d\u00e9marche RSO (responsabilit\u00e9 soci\u00e9tale des organisations) qui a associ\u00e9 nos partenaires dans la perspective &hellip; <a href=\"https:\/\/www.halleauxgrains.com\/site\/la-charte-developpement-durable\/\" class=\"more-link\">Continue reading <span class=\"screen-reader-text\">LA CHARTE D\u00c9VELOPPEMENT DURABLE ET RSO<\/span><\/a><\/p>\n","protected":false},"author":2,"featured_media":0,"parent":0,"menu_order":7,"comment_status":"closed","ping_status":"closed","template":"","meta":{"footnotes":""},"acf":[],"yoast_head":"<!-- This site is optimized with the Yoast SEO plugin v21.6 - https:\/\/yoast.com\/wordpress\/plugins\/seo\/ -->\n<title>LA CHARTE D\u00c9VELOPPEMENT DURABLE ET RSO - Halle aux grains | Sc\u00e8ne nationale de Blois<\/title>\n<meta name=\"robots\" content=\"index, follow, max-snippet:-1, max-image-preview:large, max-video-preview:-1\" \/>\n<link rel=\"canonical\" href=\"https:\/\/www.halleauxgrains.com\/site\/la-charte-developpement-durable\/\" \/>\n<meta property=\"og:locale\" content=\"fr_FR\" \/>\n<meta property=\"og:type\" content=\"article\" \/>\n<meta property=\"og:title\" content=\"LA CHARTE D\u00c9VELOPPEMENT DURABLE ET RSO - Halle aux grains | Sc\u00e8ne nationale de Blois\" \/>\n<meta property=\"og:description\" content=\"Apr\u00e8s la mise en place d\u2019une charte de d\u00e9veloppement durable en 2019, l\u2019\u00e9quipe de la sc\u00e8ne nationale poursuit sa r\u00e9flexion sur les enjeux de sa responsabilit\u00e9 soci\u00e9tale et environnementale. Cela s\u2019est traduit en 2022 par la mise en place volontaire d\u2019une d\u00e9marche RSO (responsabilit\u00e9 soci\u00e9tale des organisations) qui a associ\u00e9 nos partenaires dans la perspective &hellip; Continue reading LA CHARTE D\u00c9VELOPPEMENT DURABLE ET RSO\" \/>\n<meta property=\"og:url\" content=\"https:\/\/www.halleauxgrains.com\/site\/la-charte-developpement-durable\/\" \/>\n<meta property=\"og:site_name\" content=\"Halle aux grains | Sc\u00e8ne nationale de Blois\" \/>\n<meta property=\"article:publisher\" content=\"https:\/\/www.facebook.com\/scenenationaledeblois\" \/>\n<meta property=\"article:modified_time\" content=\"2025-06-05T13:50:16+00:00\" \/>\n<meta property=\"og:image\" content=\"https:\/\/www.halleauxgrains.com\/site\/wp-content\/uploads\/2020\/02\/logocovoituragesimple-fb.png\" \/>\n<meta name=\"twitter:card\" content=\"summary_large_image\" \/>\n<meta name=\"twitter:label1\" content=\"Dur\u00e9e de lecture estim\u00e9e\" \/>\n\t<meta name=\"twitter:data1\" content=\"3 minutes\" \/>\n<script type=\"application\/ld+json\" class=\"yoast-schema-graph\">{\"@context\":\"https:\/\/schema.org\",\"@graph\":[{\"@type\":\"WebPage\",\"@id\":\"https:\/\/www.halleauxgrains.com\/site\/la-charte-developpement-durable\/\",\"url\":\"https:\/\/www.halleauxgrains.com\/site\/la-charte-developpement-durable\/\",\"name\":\"LA CHARTE D\u00c9VELOPPEMENT DURABLE ET RSO - Halle aux grains | Sc\u00e8ne nationale de Blois\",\"isPartOf\":{\"@id\":\"https:\/\/www.halleauxgrains.com\/site\/#website\"},\"datePublished\":\"2020-06-26T11:50:52+00:00\",\"dateModified\":\"2025-06-05T13:50:16+00:00\",\"breadcrumb\":{\"@id\":\"https:\/\/www.halleauxgrains.com\/site\/la-charte-developpement-durable\/#breadcrumb\"},\"inLanguage\":\"fr-FR\",\"potentialAction\":[{\"@type\":\"ReadAction\",\"target\":[\"https:\/\/www.halleauxgrains.com\/site\/la-charte-developpement-durable\/\"]}]},{\"@type\":\"BreadcrumbList\",\"@id\":\"https:\/\/www.halleauxgrains.com\/site\/la-charte-developpement-durable\/#breadcrumb\",\"itemListElement\":[{\"@type\":\"ListItem\",\"position\":1,\"name\":\"Accueil\",\"item\":\"https:\/\/www.halleauxgrains.com\/site\/\"},{\"@type\":\"ListItem\",\"position\":2,\"name\":\"LA CHARTE D\u00c9VELOPPEMENT DURABLE ET RSO\"}]},{\"@type\":\"WebSite\",\"@id\":\"https:\/\/www.halleauxgrains.com\/site\/#website\",\"url\":\"https:\/\/www.halleauxgrains.com\/site\/\",\"name\":\"Halle aux grains | Sc\u00e8ne nationale de Blois\",\"description\":\"\",\"publisher\":{\"@id\":\"https:\/\/www.halleauxgrains.com\/site\/#organization\"},\"potentialAction\":[{\"@type\":\"SearchAction\",\"target\":{\"@type\":\"EntryPoint\",\"urlTemplate\":\"https:\/\/www.halleauxgrains.com\/site\/?s={search_term_string}\"},\"query-input\":\"required name=search_term_string\"}],\"inLanguage\":\"fr-FR\"},{\"@type\":\"Organization\",\"@id\":\"https:\/\/www.halleauxgrains.com\/site\/#organization\",\"name\":\"Halle aux grains | Sc\u00e8ne nationale de Blois\",\"url\":\"https:\/\/www.halleauxgrains.com\/site\/\",\"logo\":{\"@type\":\"ImageObject\",\"inLanguage\":\"fr-FR\",\"@id\":\"https:\/\/www.halleauxgrains.com\/site\/#\/schema\/logo\/image\/\",\"url\":\"https:\/\/www.halleauxgrains.com\/site\/wp-content\/uploads\/2025\/05\/VisuelSiteAccueil.jpg\",\"contentUrl\":\"https:\/\/www.halleauxgrains.com\/site\/wp-content\/uploads\/2025\/05\/VisuelSiteAccueil.jpg\",\"width\":775,\"height\":775,\"caption\":\"Halle aux grains | Sc\u00e8ne nationale de Blois\"},\"image\":{\"@id\":\"https:\/\/www.halleauxgrains.com\/site\/#\/schema\/logo\/image\/\"},\"sameAs\":[\"https:\/\/www.facebook.com\/scenenationaledeblois\",\"https:\/\/www.instagram.com\/lahagscenenationaledeblois\",\"https:\/\/www.linkedin.com\/company\/la-halle-aux-grains-scene-nationale-de-blois\/\"]}]}<\/script>\n<!-- \/ Yoast SEO plugin. -->","yoast_head_json":{"title":"LA CHARTE D\u00c9VELOPPEMENT DURABLE ET RSO - Halle aux grains | Sc\u00e8ne nationale de Blois","robots":{"index":"index","follow":"follow","max-snippet":"max-snippet:-1","max-image-preview":"max-image-preview:large","max-video-preview":"max-video-preview:-1"},"canonical":"https:\/\/www.halleauxgrains.com\/site\/la-charte-developpement-durable\/","og_locale":"fr_FR","og_type":"article","og_title":"LA CHARTE D\u00c9VELOPPEMENT DURABLE ET RSO - Halle aux grains | Sc\u00e8ne nationale de Blois","og_description":"Apr\u00e8s la mise en place d\u2019une charte de d\u00e9veloppement durable en 2019, l\u2019\u00e9quipe de la sc\u00e8ne nationale poursuit sa r\u00e9flexion sur les enjeux de sa responsabilit\u00e9 soci\u00e9tale et environnementale. Cela s\u2019est traduit en 2022 par la mise en place volontaire d\u2019une d\u00e9marche RSO (responsabilit\u00e9 soci\u00e9tale des organisations) qui a associ\u00e9 nos partenaires dans la perspective &hellip; Continue reading LA CHARTE D\u00c9VELOPPEMENT DURABLE ET RSO","og_url":"https:\/\/www.halleauxgrains.com\/site\/la-charte-developpement-durable\/","og_site_name":"Halle aux grains | Sc\u00e8ne nationale de Blois","article_publisher":"https:\/\/www.facebook.com\/scenenationaledeblois","article_modified_time":"2025-06-05T13:50:16+00:00","og_image":[{"url":"https:\/\/www.halleauxgrains.com\/site\/wp-content\/uploads\/2020\/02\/logocovoituragesimple-fb.png"}],"twitter_card":"summary_large_image","twitter_misc":{"Dur\u00e9e de lecture estim\u00e9e":"3 minutes"},"schema":{"@context":"https:\/\/schema.org","@graph":[{"@type":"WebPage","@id":"https:\/\/www.halleauxgrains.com\/site\/la-charte-developpement-durable\/","url":"https:\/\/www.halleauxgrains.com\/site\/la-charte-developpement-durable\/","name":"LA CHARTE D\u00c9VELOPPEMENT DURABLE ET RSO - Halle aux grains | Sc\u00e8ne nationale de Blois","isPartOf":{"@id":"https:\/\/www.halleauxgrains.com\/site\/#website"},"datePublished":"2020-06-26T11:50:52+00:00","dateModified":"2025-06-05T13:50:16+00:00","breadcrumb":{"@id":"https:\/\/www.halleauxgrains.com\/site\/la-charte-developpement-durable\/#breadcrumb"},"inLanguage":"fr-FR","potentialAction":[{"@type":"ReadAction","target":["https:\/\/www.halleauxgrains.com\/site\/la-charte-developpement-durable\/"]}]},{"@type":"BreadcrumbList","@id":"https:\/\/www.halleauxgrains.com\/site\/la-charte-developpement-durable\/#breadcrumb","itemListElement":[{"@type":"ListItem","position":1,"name":"Accueil","item":"https:\/\/www.halleauxgrains.com\/site\/"},{"@type":"ListItem","position":2,"name":"LA CHARTE D\u00c9VELOPPEMENT DURABLE ET RSO"}]},{"@type":"WebSite","@id":"https:\/\/www.halleauxgrains.com\/site\/#website","url":"https:\/\/www.halleauxgrains.com\/site\/","name":"Halle aux grains | Sc\u00e8ne nationale de Blois","description":"","publisher":{"@id":"https:\/\/www.halleauxgrains.com\/site\/#organization"},"potentialAction":[{"@type":"SearchAction","target":{"@type":"EntryPoint","urlTemplate":"https:\/\/www.halleauxgrains.com\/site\/?s={search_term_string}"},"query-input":"required name=search_term_string"}],"inLanguage":"fr-FR"},{"@type":"Organization","@id":"https:\/\/www.halleauxgrains.com\/site\/#organization","name":"Halle aux grains | Sc\u00e8ne nationale de Blois","url":"https:\/\/www.halleauxgrains.com\/site\/","logo":{"@type":"ImageObject","inLanguage":"fr-FR","@id":"https:\/\/www.halleauxgrains.com\/site\/#\/schema\/logo\/image\/","url":"https:\/\/www.halleauxgrains.com\/site\/wp-content\/uploads\/2025\/05\/VisuelSiteAccueil.jpg","contentUrl":"https:\/\/www.halleauxgrains.com\/site\/wp-content\/uploads\/2025\/05\/VisuelSiteAccueil.jpg","width":775,"height":775,"caption":"Halle aux grains | Sc\u00e8ne nationale de Blois"},"image":{"@id":"https:\/\/www.halleauxgrains.com\/site\/#\/schema\/logo\/image\/"},"sameAs":["https:\/\/www.facebook.com\/scenenationaledeblois","https:\/\/www.instagram.com\/lahagscenenationaledeblois","https:\/\/www.linkedin.com\/company\/la-halle-aux-grains-scene-nationale-de-blois\/"]}]}},"publishpress_future_action":{"enabled":false,"date":"1970-01-01 01:00:00","action":"","terms":[],"taxonomy":"","browser_timezone_offset":0},"_links":{"self":[{"href":"https:\/\/www.halleauxgrains.com\/site\/wp-json\/wp\/v2\/pages\/3576"}],"collection":[{"href":"https:\/\/www.halleauxgrains.com\/site\/wp-json\/wp\/v2\/pages"}],"about":[{"href":"https:\/\/www.halleauxgrains.com\/site\/wp-json\/wp\/v2\/types\/page"}],"author":[{"embeddable":true,"href":"https:\/\/www.halleauxgrains.com\/site\/wp-json\/wp\/v2\/users\/2"}],"replies":[{"embeddable":true,"href":"https:\/\/www.halleauxgrains.com\/site\/wp-json\/wp\/v2\/comments?post=3576"}],"version-history":[{"count":34,"href":"https:\/\/www.halleauxgrains.com\/site\/wp-json\/wp\/v2\/pages\/3576\/revisions"}],"predecessor-version":[{"id":7909,"href":"https:\/\/www.halleauxgrains.com\/site\/wp-json\/wp\/v2\/pages\/3576\/revisions\/7909"}],"wp:attachment":[{"href":"https:\/\/www.halleauxgrains.com\/site\/wp-json\/wp\/v2\/media?parent=3576"}],"curies":[{"name":"wp","href":"https:\/\/api.w.org\/{rel}","templated":true}]}}