{"version":"1.0","provider_name":"Halle aux grains | Sc\u00e8ne nationale de Blois","provider_url":"https:\/\/www.halleauxgrains.com\/site","author_name":"emeline","author_url":"https:\/\/www.halleauxgrains.com\/site\/author\/emeline\/","title":"\u00caTRES \u00c0 PENSER - Halle aux grains | Sc\u00e8ne nationale de Blois","type":"rich","width":600,"height":338,"html":"<blockquote class=\"wp-embedded-content\" data-secret=\"YbLfirCVGB\"><a href=\"https:\/\/www.halleauxgrains.com\/site\/spectacles\/etres-a-penser\/\">\u00caTRES \u00c0 PENSER<\/a><\/blockquote><iframe sandbox=\"allow-scripts\" security=\"restricted\" src=\"https:\/\/www.halleauxgrains.com\/site\/spectacles\/etres-a-penser\/embed\/#?secret=YbLfirCVGB\" width=\"600\" height=\"338\" title=\"\u00ab\u00a0\u00caTRES \u00c0 PENSER\u00a0\u00bb &#8212; Halle aux grains | Sc\u00e8ne nationale de Blois\" data-secret=\"YbLfirCVGB\" frameborder=\"0\" marginwidth=\"0\" marginheight=\"0\" scrolling=\"no\" class=\"wp-embedded-content\"><\/iframe><script type=\"text\/javascript\">\n\/* <![CDATA[ *\/\n\/*! This file is auto-generated *\/\n!function(d,l){\"use strict\";l.querySelector&&d.addEventListener&&\"undefined\"!=typeof URL&&(d.wp=d.wp||{},d.wp.receiveEmbedMessage||(d.wp.receiveEmbedMessage=function(e){var t=e.data;if((t||t.secret||t.message||t.value)&&!\/[^a-zA-Z0-9]\/.test(t.secret)){for(var s,r,n,a=l.querySelectorAll('iframe[data-secret=\"'+t.secret+'\"]'),o=l.querySelectorAll('blockquote[data-secret=\"'+t.secret+'\"]'),c=new RegExp(\"^https?:$\",\"i\"),i=0;i<o.length;i++)o[i].style.display=\"none\";for(i=0;i<a.length;i++)s=a[i],e.source===s.contentWindow&&(s.removeAttribute(\"style\"),\"height\"===t.message?(1e3<(r=parseInt(t.value,10))?r=1e3:~~r<200&&(r=200),s.height=r):\"link\"===t.message&&(r=new URL(s.getAttribute(\"src\")),n=new URL(t.value),c.test(n.protocol))&&n.host===r.host&&l.activeElement===s&&(d.top.location.href=t.value))}},d.addEventListener(\"message\",d.wp.receiveEmbedMessage,!1),l.addEventListener(\"DOMContentLoaded\",function(){for(var e,t,s=l.querySelectorAll(\"iframe.wp-embedded-content\"),r=0;r<s.length;r++)(t=(e=s[r]).getAttribute(\"data-secret\"))||(t=Math.random().toString(36).substring(2,12),e.src+=\"#?secret=\"+t,e.setAttribute(\"data-secret\",t)),e.contentWindow.postMessage({message:\"ready\",secret:t},\"*\")},!1)))}(window,document);\n\/* ]]> *\/\n<\/script>\n","thumbnail_url":"https:\/\/www.halleauxgrains.com\/site\/wp-content\/uploads\/2025\/05\/VisuelSpect-EtresAPenser_TheatreDesTroisParques.jpg","thumbnail_width":1400,"thumbnail_height":737,"description":"En partenariat avec la Fondation du Doute, la Ressourcerie Les Bonnes Mani\u00e8res et l\u2019\u00c9cole d\u2019Art de Blois \/ Agglopolys Cr\u00e9ation complice 2026 PROJET D&rsquo;EXP\u00c9RIMENTATION TRANSDISCIPLINAIRE \u201cCOMMENT, O\u00d9, QUAND, TOUT CELA S\u2019ARRANGERA T\u2019IL ?\u201d PAUL VAL\u00c9RY Julie Delille et l\u2019\u00e9quipe du Th\u00e9\u00e2tre des trois Parques, avec laquelle est n\u00e9 en 2023 le projet Le M\u00e9tier du &hellip; Continue reading"}

Halle aux grains | Scène nationale de Blois

ÊTRES À PENSER - Halle aux grains | Scène nationale de Blois

<blockquote class="wp-embedded-content" data-secret="YbLfirCVGB"><a href="https://www.halleauxgrains.com/site/spectacles/etres-a-penser/">ÊTRES À PENSER</a></blockquote><iframe sandbox="allow-scripts" security="restricted" src="https://www.halleauxgrains.com/site/spectacles/etres-a-penser/embed/#?secret=YbLfirCVGB" width="600" height="338" title="« ÊTRES À PENSER » &#8212; Halle aux grains | Scène nationale de Blois" data-secret="YbLfirCVGB" frameborder="0" marginwidth="0" marginheight="0" scrolling="no" class="wp-embedded-content"></iframe><script type="text/javascript">
/* <![CDATA[ */
/*! This file is auto-generated */
!function(d,l){"use strict";l.querySelector&&d.addEventListener&&"undefined"!=typeof URL&&(d.wp=d.wp||{},d.wp.receiveEmbedMessage||(d.wp.receiveEmbedMessage=function(e){var t=e.data;if((t||t.secret||t.message||t.value)&&!/[^a-zA-Z0-9]/.test(t.secret)){for(var s,r,n,a=l.querySelectorAll('iframe[data-secret="'+t.secret+'"]'),o=l.querySelectorAll('blockquote[data-secret="'+t.secret+'"]'),c=new RegExp("^https?:$","i"),i=0;i<o.length;i++)o[i].style.display="none";for(i=0;i<a.length;i++)s=a[i],e.source===s.contentWindow&&(s.removeAttribute("style"),"height"===t.message?(1e3<(r=parseInt(t.value,10))?r=1e3:~~r<200&&(r=200),s.height=r):"link"===t.message&&(r=new URL(s.getAttribute("src")),n=new URL(t.value),c.test(n.protocol))&&n.host===r.host&&l.activeElement===s&&(d.top.location.href=t.value))}},d.addEventListener("message",d.wp.receiveEmbedMessage,!1),l.addEventListener("DOMContentLoaded",function(){for(var e,t,s=l.querySelectorAll("iframe.wp-embedded-content"),r=0;r<s.length;r++)(t=(e=s[r]).getAttribute("data-secret"))||(t=Math.random().toString(36).substring(2,12),e.src+="#?secret="+t,e.setAttribute("data-secret",t)),e.contentWindow.postMessage({message:"ready",secret:t},"*")},!1)))}(window,document);
/* ]]> */
</script>

En partenariat avec la Fondation du Doute, la Ressourcerie Les Bonnes Manières et l’École d’Art de Blois / Agglopolys Création complice 2026 PROJET D&rsquo;EXPÉRIMENTATION TRANSDISCIPLINAIRE “COMMENT, OÙ, QUAND, TOUT CELA S’ARRANGERA T’IL ?” PAUL VALÉRY Julie Delille et l’équipe du Théâtre des trois Parques, avec laquelle est né en 2023 le projet Le Métier du &hellip; Continue reading
